t c(g) = -g**3 + 16*g**2 - 28*g - 7. Let d be c(14). Let o(q) = -3*q + 19. Let i(x) = -1. Let h(w) = 3*i(w) + o(w). What is the tens digit of h(d)?
3
Let h = 3 - 46. Let q = h + 220. What is the units digit of q?
7
Let m(z) = -3*z - 53. Let l be m(-6). What is the units digit of 1616/10 - (-21)/l?
1
Let p(a) = 3546*a - 4496. What is the tens digit of p(27)?
4
Suppose 4*s - 8 = 4*m, 5*m + 4 = -4*s + 21. Suppose -s*q - 2*z = -2074, 0 = -4*q + 5*q + 5*z - 687. What is the hundreds digit of q?
6
Suppose 3*o = -n + 24723, 27*n = 3*o + 23*n - 24708. What is the tens digit of o?
4
Suppose 8 = -2*t, -4*l - t = -0*l - 396. Suppose 2*b - l = 242. What is the units digit of b?
1
Suppose -y + 63400 = 3*y - 5*d, 0 = 5*y + d - 79250. What is the hundreds digit of y?
8
What is the tens digit of 47115/5 - (8 - (-56)/(-7))?
2
Let a be (-3 - (1 - 5))*(1 - -1). Suppose -12*b + 10*b + 1717 = -5*i, 0 = a*b + 5*i - 1707. What is the units digit of b?
6
Let l(b) = b**3 + 18*b**2 - 6*b + 10. Let u = 229 + -246. What is the units digit of l(u)?
1
Let k be ((-4)/7)/(2/(-7)). Suppose 0*m = k*m. Suppose m = q - 24 - 2. What is the tens digit of q?
2
Suppose 427*x + 1787709 = 10680411. What is the units digit of x?
6
Let t = 128524 - 64134. What is the hundreds digit of t?
3
What is the units digit of (55746924/72)/61 + (-2)/(-12)?
3
Let x(j) = -22*j - 26. Let b be x(-2). Let o(a) = a**3 - 8*a**2 - 7*a - 12. Let y be o(9). Suppose 0 = -y*g + b*g - 1416. What is the units digit of g?
8
Suppose -4*u = -4*g - 152, -2*g + 3*u - 63 - 10 = 0. Let w = g + 21. Let c = 61 - w. What is the tens digit of c?
8
Let l(k) = k + 6. Let w(z) = 21*z**2 - 13*z - 24. Let a(r) = l(r) + w(r). What is the thousands digit of a(-7)?
1
Let g = 191 - 187. Suppose -g*p + 46 = -5*i - 423, 0 = -3*p + 2*i + 343. What is the tens digit of p?
1
Suppose -147*s + 153*s = 3923 + 8401. What is the tens digit of s?
5
What is the thousands digit of (6643 - -1) + (-5 - (-2 + -12))?
6
Suppose 0 = -8*d + 13*d + 25, -3*l = 7*d - 29392. What is the thousands digit of l?
9
Suppose -4*m = -4*r + 57332, 5*r + 5*m = 4562 + 67143. What is the thousands digit of r?
4
Let v be -31 - -30 - (9*1 - 1). Let n be 2/v - 5*10/(-225). Suppose -3*s + 4*p + 757 = 0, p + 251 = -n*s + s. What is the hundreds digit of s?
2
Suppose -5*c - 760 = -5*g, -3*g + 453 = -21*c + 19*c. Suppose -2*k - 218 = 2*s, -2*k = s + 3*s + 434. Let n = s + g. What is the units digit of n?
1
Suppose 19*i + 5*i = 1200. Suppose -i*v - 1665 = -53*v. What is the hundreds digit of v?
5
Let l(q) = q**3 - 6*q**2 - 6*q + 402. Let s(o) = 2*o**3 - 13*o**2 - 13*o + 805. Let r(z) = 9*l(z) - 4*s(z). What is the tens digit of r(0)?
9
Let v be 3344/(-18) + 4/(-18). Let k be (-10)/3*v/(-4). Let u = -76 - k. What is the units digit of u?
9
Let v(m) = 10*m**2 - 4*m + 1. Let h be v(-2). Let o = h + -94. Let k = o - -111. What is the tens digit of k?
6
Let t be 2*(3081/6 - 4). Suppose 2*z - t = -f, -4*z = 3*f + f - 2048. What is the units digit of z?
7
Let w = 351 - 355. Suppose -3*a = 5*x + 104 - 625, -2*x = -4*a - 224. What is the hundreds digit of (w/(-1))/(-6 + 8) + x?
1
What is the hundreds digit of 5/35*6*(-986629)/(-34)?
8
Let g(x) = -1452*x**3 - 24*x - 36. What is the thousands digit of g(-3)?
9
Suppose 1622 = 11*g + 280. Suppose 0 = f - g - 331. What is the hundreds digit of f?
4
Suppose 73*t - 76*t + 15 = 0. Suppose 52 - 32 = t*u. What is the units digit of ((-2)/u)/(4/(-792))?
9
Let u = -469 - -833. Let n = u + -319. What is the units digit of n?
5
What is the thousands digit of 0 + (1 - 1779/(-12))/(20/1120)?
8
Suppose -96 = -78*f + 76*f. What is the tens digit of (16/6)/(104/f + -2)?
1
Suppose -3*r - 33456 = -11*r. What is the tens digit of (-6 - r/(-12)) + (-1)/(-2)?
4
Let i(h) = -35306*h + 97 + 35330*h - 100. Let t = 5 + -3. What is the units digit of i(t)?
5
What is the hundreds digit of -5*((-2)/5)/((-17)/(-88655))?
4
Let k be -28 + (-4)/(-12)*0. Let t = k - -225. What is the units digit of t?
7
Let k(g) = -9*g**2 - 62*g + 768. Let q(a) = 3*a**2 + 23*a - 256. Let w(o) = 2*k(o) + 7*q(o). What is the tens digit of w(8)?
3
Let m(x) = -2*x - 5. Let u be m(-4). Suppose u*d - 17 = -5. Suppose -d*l + 45 = -131. What is the tens digit of l?
4
Let n(m) = -13*m**2 + 9*m + 39. Let l(d) = -2*d - 7 + 3*d**2 + 2 - 5. Let k(a) = 9*l(a) + 2*n(a). What is the units digit of k(6)?
4
Suppose 164*b = 241239 + 542577 + 2558996. What is the ten thousands digit of b?
2
Let v = -1882 - -1257. Let u = -328 - v. What is the tens digit of u?
9
Suppose 18 - 3 = 5*c. Suppose l + c*l - 2004 = 0. Suppose 41 = -5*k + l. What is the units digit of k?
2
Let m = 201 + -189. Suppose 0 = 4*k + m, -1053 = -27*r + 22*r - 4*k. What is the hundreds digit of r?
2
Suppose -5595 = -3*g - 2*g. Suppose 5*a - 1676 = g. What is the tens digit of a?
5
Suppose 0 = 52*c - 138*c - 2666. Let t(w) be the second derivative of -w**3/6 - 7*w**2 - w. What is the tens digit of t(c)?
1
Let c(l) = -30*l + 329. Let a be c(11). What is the thousands digit of ((-1380)/(-18))/(a + 175/168)?
1
Suppose 128 = -15*l + 75698. What is the tens digit of l?
3
What is the thousands digit of -4 + 3862 + 4 + 4*-1?
3
Suppose 93*l + 38*l = 4295752. What is the units digit of l?
2
Let j(f) = -4*f**3 - 43*f**2 - 8*f + 112. What is the units digit of j(-14)?
2
Suppose 10*z = 11*z - 2530. Suppose 3*x = -7*x + z. Let s = 366 - x. What is the tens digit of s?
1
Suppose -l = 3*n - 186, 0 = -5*n + 3*l + 53 + 257. Suppose n*q - 68*q = -2580. What is the units digit of q?
0
Suppose -2*n + 39507 = 26*i - 31*i, -19755 = -n + 4*i. What is the tens digit of n?
5
Suppose 2*m = 3*m + b - 8, -3*m = -5*b. Suppose 2*g - 133 = -h, -m*h + 128 = 2*g - 505. Suppose -4*f - f + h = 0. What is the units digit of f?
5
Let n(t) = 44*t - 53. Let l be n(8). Let z = l + -101. What is the units digit of z?
8
Let u = 666 + -367. Suppose -u*m = -300*m + 98. What is the tens digit of m?
9
Let d be -6 + 1 + -1 + 3. Let l be (-67)/(-3)*(d + 0). Let m = l - -91. What is the tens digit of m?
2
Suppose 24*j = 20*j + 2*c + 1856, 934 = 2*j - 2*c. What is the units digit of j?
1
Suppose 2*y = -3*j + 11, -5*j + 4 = -2*y - 25. What is the tens digit of y/(-4)*(5 + 900 - -9)?
5
Let g(k) = -152*k**3 - 12*k**2 - 49*k - 117. What is the ten thousands digit of g(-7)?
5
Let i(j) = j**2 - 8*j - 2. Let y be i(9). Suppose y*q = 4*q - 12. What is the units digit of q/(-2) - (-71 + -4)?
7
Let t(m) = m**2 + 24*m + 37. Let i(g) = -g**2. Let r(z) = 2*i(z) + t(z). Let c be r(20). What is the tens digit of c/6*(-12)/(-9)?
2
Suppose -9*q + 14*q + 20 = 0. Let l(o) = -15*o**3 + 4*o**2 - o + 22. What is the thousands digit of l(q)?
1
Suppose 0 = -13*q + 8*q + 5*p + 13125, 0 = 4*q - p - 10485. Suppose -17*w + 2157 = -q. What is the units digit of w?
1
Let y = -46 + 66. Let c(x) = x**3 - 21*x**2 + 20*x + 2. Let d be c(y). Suppose -3*f + d*u + 70 = 0, 5*f - f - 2*u = 96. What is the units digit of f?
6
Let x(n) = -217*n + 25. Let y be x(-11). Suppose -580 = -8*h + y. What is the tens digit of h?
7
Let y = -29 - -74. Suppose -y = -p + 290. What is the units digit of p?
5
Suppose 5*l = 10*l + 25. Let w be (-2 - l)*(2 - 1). Suppose 5*g = g + v + 468, w*v + 224 = 2*g. What is the tens digit of g?
1
Let i = 81 - 75. Let p(h) = 9*h**2 - 19*h - 19. Let k(r) = -2*r**2 + 5*r + 5. Let x(f) = i*p(f) + 26*k(f). What is the hundreds digit of x(-13)?
1
What is the tens digit of ((-302)/453)/((-2)/81036)?
1
Suppose -202*h + 2168740 = -50230. What is the tens digit of h?
8
Let i(c) = -24*c + 887. What is the tens digit of i(-70)?
6
Suppose g + 456 = 5*g. Let w(l) = -7*l - 67. Let i be w(-12). Suppose 23*k - g = i*k. What is the units digit of k?
9
Suppose 62 = -7*w + 13. What is the tens digit of 12/42*w + 96/2?
4
Let z(x) = 24*x + 286. Let v be z(-12). Let p(w) = -9*w**3 + w**2 + 7*w + 12. What is the tens digit of p(v)?
7
Let q(b) be the second derivative of -b**6/360 + b**5/8 - b**4/2 - 7*b**3/3 + 8*b. Let t(h) be the second derivative of q(h). What is the tens digit of t(8)?
4
Let z = 4 + 3. Suppose -u + 5*f - z = -8, -f + 24 = 2*u. What is the units digit of u?
1
Let v(b) = 139*b + 110. Let j(w) = -46*w - 37. Let x(k) = -17*j(k) - 6*v(k). What is the hundreds digit of x(-7)?
3
Let i be (-12)/(-40)*2 - 1133/55